 is 906017 + 1?
906018
In base 14, what is 139 - 5011?
-4cb6
In base 15, what is 300b + 32?
303d
In base 2, what is 1011100010 - 1101000000010?
-1011100100000
In base 4, what is 3 + 1020133330?
1020133333
In base 7, what is -1434026241 - -1?
-1434026240
In base 4, what is 111001132021 - 220?
111001131201
In base 11, what is -24 - 41851?
-41875
In base 14, what is 2 + 21c9c6?
21c9c8
In base 16, what is -e66687 + 13?
-e66674
In base 3, what is -112121021011102000 - -11?
-112121021011101212
In base 9, what is 288445473 - -3?
288445476
In base 2, what is 1111101001 + 1100101011100001010?
1100101101011110011
In base 2, what is -100111011010 + -11001111100001?
-11110110111011
In base 2, what is -1110100110000011101010110 + -1?
-1110100110000011101010111
In base 2, what is -110001101001001110111000011 + 10?
-110001101001001110111000001
In base 7, what is -1646321 + 403?
-1645615
In base 5, what is -130002132200 - -2?
-130002132143
In base 6, what is -3 - -243354104?
243354101
In base 16, what is 5 + -2fa074?
-2fa06f
In base 7, what is 32503513 + -1?
32503512
In base 15, what is -243 + 2a4c1?
2a27d
In base 2, what is -1000100001 - -101010000?
-11010001
In base 14, what is -3 - -6b206b5?
6b206b2
In base 7, what is 13240 - 132135?
-115565
In base 13, what is 7a044264 + -2?
7a044262
In base 16, what is -2 - -13cbe0?
13cbde
In base 14, what is -14 - -15d4db4?
15d4da0
In base 9, what is 367 + -1514?
-1136
In base 8, what is -715132053 - 2?
-715132055
In base 11, what is 1878990 - -14?
18789a4
In base 13, what is -3145839c + -2?
-314583a1
In base 6, what is -1121120 - 1333?
-1122453
In base 15, what is -1 - e71ceb?
-e71cec
In base 3, what is -101201 + -21120000011?
-21120101212
In base 13, what is 0 + 605082?
605082
In base 10, what is 4995 + -1474?
3521
In base 9, what is 0 - -6421171?
6421171
In base 7, what is 3 - 116531651?
-116531645
In base 14, what is -75285 + 8c?
-751d7
In base 12, what is 22a39799 - 0?
22a39799
In base 3, what is -2112122210012 + -10?
-2112122210022
In base 9, what is -31051804 + 15?
-31051778
In base 9, what is 4425885 - -25?
4426021
In base 14, what is 7c4 + 1046c8?
1050ac
In base 12, what is 5 - 3b25b27?
-3b25b22
In base 4, what is 232302 + 102010101?
102303003
In base 11, what is 30 - 168889?
-168859
In base 9, what is -485 + 633836?
633341
In base 4, what is 132300 - -2112221121?
2113020021
In base 7, what is -1601523 - -1530?
-1566663
In base 8, what is 0 + -412662024?
-412662024
In base 12, what is -3 - 135435b?
-1354362
In base 8, what is 1 - 234431740?
-234431737
In base 5, what is -1044014422 - 20?
-1044014442
In base 9, what is -11057400 - -13?
-11057376
In base 3, what is -10012111201020 + 22?
-10012111200221
In base 10, what is 17490887 - 3?
17490884
In base 10, what is -40937 + 1047?
-39890
In base 4, what is 2233233 + 101330?
3001223
In base 11, what is -1 + -73819aa?
-7381a00
In base 8, what is -2156046 + 124?
-2155722
In base 3, what is 11 - 1220011120112?
-1220011120101
In base 8, what is -2053335734 + -5?
-2053335741
In base 3, what is 12012222121221 + 10?
12012222122001
In base 10, what is -407131 + 12?
-407119
In base 7, what is -31255153 - -5?
-31255145
In base 5, what is -41103031 - -1010?
-41102021
In base 14, what is -4 + -7cd431?
-7cd435
In base 9, what is -2086 + -505?
-2602
In base 6, what is -2 + 1054223051?
1054223045
In base 3, what is -12 - 111200012221212?
-111200012222001
In base 7, what is 2 + -10656036?
-10656034
In base 9, what is 4626 - 223663?
-218036
In base 2, what is -111 - 110111111000011000110?
-110111111000011001101
In base 13, what is 5 - 677418?
-677413
In base 12, what is -524636b + -3?
-5246372
In base 10, what is 60847 + 8?
60855
In base 3, what is -11 - -10100120201110?
10100120201022
In base 10, what is 74568 - 5674?
68894
In base 13, what is -1b + 34a022?
34a004
In base 5, what is 41403 + -114134?
-22231
In base 8, what is 15524 + -1777?
13525
In base 9, what is 506523 - 50?
506463
In base 5, what is 3143431 - -102?
3144033
In base 15, what is -1a8c + -22e?
-1cbb
In base 2, what is 1101011100110 - 10110000011?
1010101100011
In base 16, what is 9c + 46573c?
4657d8
In base 13, what is 0 + -204bb31?
-204bb31
In base 13, what is -6a36870 - 3?
-6a36873
In base 14, what is -1d35 + -15ab?
-3502
In base 2, what is -10 + -100110100100110001000111?
-100110100100110001001001
In base 4, what is -23221223 + 10300001?
-12321222
In base 7, what is 242 + 364555?
365130
In base 13, what is 35c0b07 - -11?
35c0b18
In base 16, what is 1 - -3e5f82?
3e5f83
In base 6, what is 2122311 - -21?
2122332
In base 2, what is -11 - -11100101000111110?
11100101000111011
In base 7, what is -52 - 1400030?
-1400112
In base 4, what is -3230333 + 333?
-3230000
In base 7, what is 113155566 + 2?
113155601
In base 2, what is -101011001111000000 - -100010000?
-101011001010110000
In base 12, what is -a45 - -100300?
bb477
In base 10, what is -10158371 - 41?
-10158412
In base 15, what is -1 + 1377d8b7?
1377d8b6
In base 8, what is -4 - 5561313?
-5561317
In base 6, what is -404002302 - -10?
-404002252
In base 4, what is 1111300 + 2101310?
3213210
In base 4, what is -101130033022220 + 0?
-101130033022220
In base 9, what is 357 - -1018134?
1018502
In base 13, what is -39cc465c - 4?
-39cc4663
In base 10, what is 0 - 1995803?
-1995803
In base 7, what is 136 + -5651104?
-5650635
In base 14, what is -165 - -b5?
-90
In base 2, what is 101001001101011011011 - 1?
101001001101011011010
In base 13, what is 5 + -6775982?
-677597a
In base 3, what is -10200221020 - 1101?
-10200222121
In base 10, what is 13931 + 157?
14088
In base 2, what is -111000001100 - 111010110111?
-1110011000011
In base 5, what is -101410 + 3300?
-43110
In base 7, what is 1 - 531650113?
-531650112
In base 8, what is 115601 + 46?
115647
In base 15, what is -9c1 + 5?
-9bb
In base 15, what is 3 + -602a1e?
-602a1b
In base 6, what is 213443 - -11431?
225314
In base 3, what is 211101221 - -2100221112?
10012100110
In base 6, what is -10014 - 232344?
-242402
In base 8, what is -5 - 7622322?
-7622327
In base 12, what is -486687 - 94?
-48675b
In base 13, what is 1782a2a2 - 2?
1782a2a0
In base 2, what is -10010000101100111100100 - 0?
-10010000101100111100100
In base 15, what is 1149 - 67a?
9be
In base 4, what is -22320 - -1222132203?
1222103223
In base 2, what is 10111011100100010111100111011 + 10?
10111011100100010111100111101
In base 15, what is -3 - -12363390?
1236338c
In base 4, what is 1001032122211 - 332?
1001032121213
In base 4, what is -112021301323 - 2?
-112021301331
In base 9, what is -1 + 233007?
233006
In base 16, what is -19846 - -3e3?
-19463
In base 12, what is -248 + 3b205?
3ab79
In base 9, what is -1601 - -331858?
330257
In base 12, what is -243340 - -b?
-243331
In base 13, what is -1a6781 - 19?
-1a679a
In base 6, what is 1331220211 - 22?
1331220145
In base 11, what is 4729a + 5aaa?
52299
In base 3, what is -221000212120 + 2202121?
-220221002222
In base 15, what is -9 + 16873e?
168735
In base 7, what is 646234 + -511?
645423
In base 14, what is -2c77 + 850?
-2427
In base 9, what is 1368431 + 4?
1368435
In base 9, what is -31076150 - -2?
-31076147
In base 4, what is 3 - 31010223210?
-31010223201
In base 5, what is 2002043241302 + -4?
2002043241243
In base 13, what is 9 - 60356c?
-603563
In base 16, what is -73a785 - 0?
-73a785
In base 4, what is 10 + -201010233311?
-201010233301
In base 12, what is 17991a80 - 4?
17991a78
In base 12, what is -1bb2083 + 4?
-1bb207b
In base 9, what is -2445 - -185354?
182808
In base 6, what is 40205521 + 50?
40210011
In base 12, what is -1 + -399b0737?
-399b0738
In base 16, what is -bd2a + 406?
-b924
In base 2, what is 10001101010101 - -10101101010?
10100010111111
In base 3, what is -12111121111010 - 0?
-12111121111010
In base 6, what is 232140551 - -22?
232141013
In base 14, what is -4 - -73bbd25?
73bbd21
In base 6, what is 1 + 3240304512?
3240304513
In base 14, what is -5a7c3db - -6?
-5a7c3d5
In base 10, what is -3 + 13197331?
13197328
In base 15, what is -382 - -266e3?
26361
In base 15, what is -7e1 + a7cb?
9eda
In base 3, what is 22002011 - 211000?
21021011
In base 9, what is -168646 + -53?
-168710
In base 15, what is 25 - 5e34b?
-5e326
In base 2, what is 11111001111011 + 111011110100?
100110101101111
In base 15, what is 17